-2088
In base 12, what is a0 - 178?
-98
In base 9, what is 2 + -504734?
-504732
In base 10, what is 538 + 183?
721
In base 8, what is -5 - 1231346?
-1231353
In base 15, what is -e60 - -101?
-d5e
In base 11, what is 161a - 4?
1616
In base 12, what is 43 - -a44?
a87
In base 15, what is -512 + -ad2?
-10e4
In base 13, what is 2484 + 2?
2486
In base 9, what is 5 - -401138?
401144
In base 12, what is -1b6a - -307?
-1863
In base 13, what is 0 - 5b6ac?
-5b6ac
In base 14, what is -3 - -117957?
117954
In base 11, what is 515 + 35?
54a
In base 8, what is -62272 - 40?
-62332
In base 16, what is -126 - -a27?
901
In base 2, what is -11111111 - 11010010?
-111010001
In base 2, what is 100 - -1011101111011000010?
1011101111011000110
In base 8, what is -124 + 3361?
3235
In base 2, what is 1101111 - 1010011010?
-1000101011
In base 16, what is 64a3b + 4?
64a3f
In base 2, what is 110 - -110110111?
110111101
In base 13, what is 4 - -25c3?
25c7
In base 5, what is 40110 + -2312?
32243
In base 12, what is -2 - -10a727?
10a725
In base 8, what is -4 - 4132744?
-4132750
In base 14, what is -356 - -11?
-345
In base 8, what is 4 + 106674?
106700
In base 8, what is 12206256 + 3?
12206261
In base 9, what is 42 - 10881?
-10838
In base 12, what is -1ab + -53?
-242
In base 5, what is 2 - 123111?
-123104
In base 8, what is 270 + -40272?
-40002
In base 6, what is -234 + 200221?
155543
In base 2, what is -10011000 - -111100?
-1011100
In base 16, what is -2ad - 15?
-2c2
In base 10, what is 27453 + 35?
27488
In base 14, what is 40 - -6a2?
702
In base 2, what is 111010000110001010111 - 1?
111010000110001010110
In base 4, what is 113223 - 1101?
112122
In base 10, what is -20245 - 6?
-20251
In base 9, what is -23473 + 4?
-23468
In base 12, what is b7 - 18a?
-93
In base 3, what is -11 - 11021120212?
-11021121000
In base 13, what is 2 + -aba6?
-aba4
In base 9, what is -4 - 633326?
-633331
In base 3, what is 1021010022 - -212?
1021011011
In base 5, what is -3 - -112002430?
112002422
In base 5, what is 2023 + 342134?
344212
In base 7, what is -256 + -2643?
-3232
In base 15, what is -104d4 + -2?
-104d6
In base 2, what is 1010 - 1111011000001?
-1111010110111
In base 7, what is 2 + 255033?
255035
In base 9, what is -518855 - 2?
-518857
In base 2, what is 0 - 11001111000101100101?
-11001111000101100101
In base 9, what is -7 + 1834?
1826
In base 2, what is 1010011001 - -100101?
1010111110
In base 14, what is 12 + -1057?
-1045
In base 8, what is -2412 - 4?
-2416
In base 7, what is -2 - -6063101?
6063066
In base 9, what is -1803 + -72?
-1875
In base 3, what is -21110 + -111000?
-202110
In base 9, what is -882 - -23?
-858
In base 4, what is 2 - 312013?
-312011
In base 4, what is -3223 - -320?
-2303
In base 2, what is 1010 + 100011110011010?
100011110100100
In base 12, what is 91 - 91a?
-849
In base 4, what is -2 + -13322301?
-13322303
In base 6, what is 5 + -102134?
-102125
In base 11, what is 4 + -2697?
-2693
In base 9, what is -1223 + -3?
-1226
In base 11, what is 4 + 27531?
27535
In base 2, what is -11100000 + 101001011?
1101011
In base 14, what is 2d5 + 1a0?
495
In base 9, what is -10 + -64422?
-64432
In base 2, what is -10010101 + -101110?
-11000011
In base 7, what is -541145 - -3?
-541142
In base 2, what is 10 - 1000000001011?
-1000000001001
In base 15, what is 0 + -25d1?
-25d1
In base 3, what is 2211 + 22110002?
22112220
In base 11, what is 38 + 1088a?
10917
In base 16, what is 7c2a2 + -7?
7c29b
In base 14, what is 300 + 126?
426
In base 10, what is 139 + -99?
40
In base 10, what is 9479 - -3?
9482
In base 7, what is 0 - -30145?
30145
In base 10, what is 2614 + 19?
2633
In base 2, what is -1010101011101111101000 - 1?
-1010101011101111101001
In base 14, what is bba + 51?
c2b
In base 5, what is 1 + 124330243?
124330244
In base 2, what is -10010000 - 100110?
-10110110
In base 12, what is 9 - -1b915?
1b922
In base 12, what is 45b40 + 0?
45b40
In base 7, what is 0 + 556516?
556516
In base 5, what is 14 - -4034232?
4034301
In base 9, what is -41044 + -5?
-41050
In base 8, what is -17 + -10646?
-10665
In base 10, what is -527 - -58?
-469
In base 8, what is -3 - 407473?
-407476
In base 4, what is 13311 + 110?
20021
In base 7, what is -31332 - -1256?
-30043
In base 4, what is 2210131 - -2011?
2212202
In base 4, what is 1002202312 + -20?
1002202232
In base 4, what is 11 + -313021?
-313010
In base 14, what is -198 + 17?
-181
In base 5, what is -10 - -132023241?
132023231
In base 8, what is 4 - -331?
335
In base 11, what is 391 - -33?
414
In base 16, what is -1612e + 29?
-16105
In base 9, what is 224074 - 10?
224064
In base 2, what is 10110110111 - -11101?
10111010100
In base 8, what is -317 + 26724?
26405
In base 3, what is 2 + -220201002?
-220201000
In base 7, what is 61 - 533?
-442
In base 4, what is 112231 - -103?
113000
In base 10, what is -74 - -92?
18
In base 2, what is -1111011010001 + 1010001?
-1111010000000
In base 13, what is 42a - -6?
433
In base 3, what is -10200121020 + 2?
-10200121011
In base 10, what is 8846 - -64?
8910
In base 16, what is -18 - 16526?
-1653e
In base 14, what is -644 + -3c?
-682
In base 6, what is -513542 - -2?
-513540
In base 16, what is 0 - -5a2e7?
5a2e7
In base 10, what is -67915 + 9?
-67906
In base 2, what is -100101 - -110011110010?
110011001101
In base 15, what is 4 + a93b0?
a93b4
In base 9, what is 181 - 4685?
-4504
In base 10, what is 4 - 324?
-320
In base 8, what is -731 - 1570?
-2521
In base 5, what is 20 + -44104?
-44034
In base 8, what is -4076004 - -5?
-4075777
In base 2, what is 1010000 + -10100111100001?
-10100110010001
In base 2, what is 1000110101010101 - 100?
1000110101010001
In base 16, what is -1c - 1eb4?
-1ed0
In base 7, what is 14504 + -621?
13553
In base 9, what is -7 - 15?
-23
In base 7, what is -106 - 11520?
-11626
In base 2, what is 110100101 - -10010110101?
11001011010
In base 13, what is b + 28297?
282a5
In base 11, what is 2036 - 47?
1a9a
In base 6, what is 531544 - 1?
531543
In base 6, what is -5 - -241425?
241420
In base 5, what is -13232201 - -11?
-13232140
In base 8, what is -1 + 627706?
627705
In base 4, what is -10231013 - -3?
-10231010
In base 16, what is 182 + -18?
16a
In base 4, what is 121303132 - -3?
121303201
In base 10, what is 18980 - -20?
19000
In base 9, what is 0 - 881357?
-881357
In base 14, what is -262c + -222?
-2850
In base 12, what is -b + -5aa?
-5b9
In base 12, what is 4 - -5319b?
531a3
In base 8, what is 137 + 4165?
4324
In base 9, what is 1537 - -1177?
2725
In base 8, what is 46 - -3054?
3122
In base 11, what is -4197 + -10?
-41a7
In base 14, what is -12b3 + -1?
-12b4
In base 8, what is 0 + -236047?
-236047
In base 8, what is 1617 + -511?
1106
In base 13, what is -39861 + 57?
-39807
In base 11, what is 216 + -114a?
-a34
In base 11, what is -11667 - 32?
-11699
In base 7, what is 41261 - -111?
41402
In base 14, what is 52 + aaa?
b1c
In base 8, what is 321001 + 1?
321002
In base 12, what is 953 + 29a?
1031
In base 7, what is -3 - 444213?
-444216
In base 11, what is 1 + -59a13?
-59a12
In base 13, what is -73 - 1c29?
-1c9c
In base 5, what is -110014 + 1024?
-103440
In base 9, what is 63 - 302?
-228
In base 15, what is -662db - 2?
-662dd
In base 16, what is 1812 + 448?
1c5a
In base 3, what is -210202110011 - -10?
-210202110001
In base 6, what is -113054 - -115?
-112535
In base 13, what is 15 - -4b5?
4ca
In base 4, what is 1101212 + 10212?
1112030
In base 5, what is -430113 + -32?
-430200
In base 12, what is 1241 + 103?
1344
In base 9, what is -14 + -453840?
-453854
In base 2, what is 1 - 110011000110?
-110011000101
In base 10, what is -327075 - -2?
-327073
In base 3, what is -10122 + -10211002?
-10221201
In base 2, what is -10000111010 - -10111100?
-1101111110
In base 5, what is 122112343 + 0?
122112343
In base 10, what is 7576 + 47?
7623
In base 12, what is 1a + -49?
-2b
In base 9, what is -5 - -1272544?
1272538
In base 14, what is -1d + 7b07?
7ac8
In base 2, what is 1000001100010 - 100?
1000001011110
In base 12, what is 1a6a + 34?
1aa2
In base 13, what is 3 + -140b?
-1408
In base 11, what is 15945 + 2?
15947
In base 11, what is -486 + 31?
-455
In base 11, what is -38 + 1532?
14a5
In base 2, what is -10011101010011101 + 0?
-10011101010011101
In base 7, what is -1464340 - 13?
-1464353
In base 2, what is -1001101000001